(c) = -9*c**2 + 7. Let b(t) = -k(t) - q(t). Suppose 3*m + 22 = -l, -4*l - 28*m + 33*m = -82. Calculate b(l).
-6
Let w = 532 - 534. Let n(l) = 40*l**2 + 15*l + 16. Let i(v) = -8*v**2 - 3*v - 3. Let d(f) = 11*i(f) + 2*n(f). Determine d(w).
-27
Let v = -2 + 1. Let c(w) = -w**3 - 12*w**2 - 26*w + 12. Let n be c(-9). Let a(b) = -99*b**3 + 1 + 0*b**2 - 2*b**2 + 106*b**n + 3*b - 3*b. Determine a(v).
-8
Let l(u) = u**3 - 10*u**2 + 7*u - 14. Let h(o) = -20*o - 1230. Let v be h(-62). What is l(v)?
56
Let l(u) = -35*u - 40. Let c(h) = 28*h + 37. Let o(m) = -6*c(m) - 5*l(m). Calculate o(4).
6
Let q = 15 + -9. Suppose -33 = 7*v - 10*v. Let b(a) = 3*a**2 - 4. Let n(t) = -16*t**2 - 2*t + 19. Let h(o) = v*b(o) + 2*n(o). Determine h(q).
6
Let p(i) = i + 2. Let d(l) = l**2 - l - 10. Let f(y) = d(y) - 4*p(y). What is f(7)?
-4
Let m(l) = 10 + l**3 - l - 2251212*l**2 + 2251224*l**2 + 7*l + 6*l. Let z(p) = -5*p - 2. Let g be z(3). Let y = -28 - g. Determine m(y).
-1
Suppose 0 = 5*c + 4*f - 79, 2*c + 13 = 3*c - 2*f. Let z(k) = 5*k + 28 - 4*k - c - 6*k - 7. Calculate z(7).
-29
Let i be (-2)/2*1*4*-66. Let p = i - 263. Let c(f) = -10*f. Give c(p).
-10
Let c(p) = 2*p**2 + 53*p + 6. Suppose 0 = 18*y - 1281 + 1677. Give c(y).
-192
Let z(n) = 3*n - 2. Suppose -3*l = -2*x - 66, -l + 4*x + 35 = -x. Let v be l/11 - 16/(-88). Suppose 0 = -2*f - 2*w + 2, v*f + 3*f - 4*w - 23 = 0. Give z(f).
7
Let w(v) = 2*v - 24. Let f be w(0). Let h be 7*(f/21 + 2). Let a(m) = m**2 + 6*m + m - 2*m**2 + 1 - 10. What is a(h)?
-3
Let g(v) be the second derivative of -v**5/20 + 7*v**4/12 - 2*v**3/3 - v**2 + 3*v + 385. Let t(m) = 2*m - 8. Let p be t(7). What is g(p)?
10
Let z(s) = 63 + 2*s - 70 - s. Suppose -2534 = -239*b - 123*b. Give z(b).
0
Let k(q) = 73964*q - 73962*q + 13 + 53. Calculate k(0).
66
Let w(g) be the first derivative of -1/3*g**3 + 0*g**2 + 13*g + 32. Let u = 1 + -1. Calculate w(u).
13
Let p(f) = -3*f - 8*f - 10*f + 16 + 23*f. Let t be p(-4). Let n(g) = 403*g**2 - 7 + 6*g - 404*g**2 + 5. Calculate n(t).
-18
Let h(z) = 4*z - 137. Let v(g) = -3*g + 97. Let t(m) = 12*h(m) + 17*v(m). Determine t(-9).
32
Let x be 38 + ((-10 + 5)*-1 - 6). Let v = -30 - 1. Let w = v + x. Let a(f) = -f + 4. Give a(w).
-2
Let v(s) = 2371*s - 4743*s - s**2 + 2367*s + 1. Let u = 59 - 65. What is v(u)?
-5
Let o = 398 - 396. Let t be (-8)/((-1)/o*-1). Let n(r) = -r**2 - 15*r + 20. Give n(t).
4
Let a(z) = -z + 1. Let g(o) = -1 - o**3 - 4*o**2 + 5*o**2 + 2*o**3. Let b(v) = 2*v**2 - v. Let r be b(1). Let f be g(r). Give a(f).
0
Let v(s) = -37*s**2 + 2*s - 1. Suppose -400 = -u - 146. Suppose -3*i = -u + 251. Calculate v(i).
-36
Let p = 4121 + -4123. Let q(i) = 8*i + 1. Determine q(p).
-15
Let z = -2 - 9. Suppose -5*i - 64 = 3*i. Let w = z - i. Let x(a) = 2*a + 1. Calculate x(w).
-5
Let q be (12/8)/(12/(-16)). Let t(i) be the first derivative of i**4 + 2*i**3/3 - i**2 - 2*i - 137. Calculate t(q).
-22
Let s(j) = -37*j - 72 + j**2 + 32 - 12*j + 132. What is s(47)?
-2
Suppose -2*n - 4 = 0, 65*n - 14 = -2*u + 68*n. Let a(z) be the first derivative of 1/4*z**u + 7/3*z**3 + z**2 + 21 + 8*z. Calculate a(-7).
-6
Let n = -84 + 122. Let x(z) = 71*z - 8 - 35*z - n*z. Calculate x(6).
-20
Let t = -9630 - -9633. Let n(f) = -f**3 + 3*f**2 + 3*f + 5. What is n(t)?
14
Let l(t) = t**2 - 3*t - 18. Let f(g) = -3*g - 3. Let a be f(-3). Let c be l(a). Let j(o) = -4 - o**2 + 9 - 7*o + 10 + 6*o. What is j(c)?
15
Let a(i) = 29*i - 8*i - 1 - 16*i. Let q be ((-20)/2)/(-2) + 0 + -5 + 1. Calculate a(q).
4
Let j(v) be the first derivative of -14*v**4 + 2*v**3/3 - v + 1332. What is j(1)?
-55
Let d(f) = -f**3 - 8*f**2 - f + 10. Suppose -828 = -18*q + 306. Suppose 15*s - 6*s + q = 0. Give d(s).
-32
Let k(t) = t - t**2 + 23230 - 23230 + 21*t**3. Let o = 58 - 57. What is k(o)?
21
Let q(m) = 27811*m - 6*m**3 + 7*m**3 - 27824*m - 16*m**2 + 7. Give q(17).
75
Let d(g) = -83*g - 14522. Let l be d(-175). Let b(i) be the second derivative of 0 + 3*i**2 - 1/6*i**l - 23*i. Calculate b(7).
-1
Let x be (8/(6 - -2))/(-3)*24. Let s(c) = -2*c + 13. Give s(x).
29
Let m(l) be the third derivative of -l**6/24 + l**5/30 + l**4/12 + 12*l**2 + 14*l. What is m(2)?
-28
Let z(t) = 52*t**3 - 2*t**2 + 5*t - 4. Let n be z(1). Let s be -1*3 + n/(-51). Let y(g) = -g - 1. Give y(s).
3
Let r be (4/(-3))/((-2)/3). Let l(i) = -2*i + 3. Let w be l(r). Let h(d) = -1 + 1115*d + 3 - 2 - 2217*d + 1106*d. Determine h(w).
-4
Let t = -235 + -342. Let i = -588 - t. Let q(f) = -2*f**3 - 22*f**2 - 10. Give q(i).
-10
Let z(y) = -1 + 5*y + 4*y + y**2 - 6*y. Let m(a) = 4*a + 6. Let d be m(-4). Let h = 5 + d. Determine z(h).
9
Let x(a) = 2*a**2 + 14*a + 1. Let c be (-2 - 0)/(13/(-52)). Let p be (2 + -3)*80/c + 3. Give x(p).
1
Let u(x) = x**3 - 8*x**2 - 9. Let f(b) = 55*b**3 + b**2 + b - 1. Let i(s) = -3*s + 19. Let m be i(6). Let y be f(m). Let d = y - 48. Determine u(d).
-9
Let o(g) = 4*g + 8*g - 4*g. Suppose -5*l - 3*d = 25, -d = 2*l - 11 + 19. What is o(l)?
8
Let p(s) = -s**3 + 24*s**2 - 69*s + 142. Let v be p(21). Let z(i) = i + 1. What is z(v)?
17
Let v = 17481 - 17488. Let z(x) = -7*x - 7. Let f(t) = 56*t + 56. Let d(w) = -6*f(w) - 49*z(w). Give d(v).
-42
Let b(w) = w**3 + 19*w**2 - 17*w + 60. Let x be b(-20). Let i(f) = -f**2 - 3*f - 2. Calculate i(x).
-2
Suppose -28 = -n - s, -3*n - 14*s + 18*s = -84. Suppose n*o - 405 = -69. Let k(c) = -c**3 + 13*c**2 - 12*c + 13. Determine k(o).
13
Let t(y) be the first derivative of -2*y**2 - y + 627. What is t(-4)?
15
Let s be (-1)/((-7)/3) - (-20)/35. Let a be (-1)/((-70)/(-65) + -2 + s). Let t = 18 + a. Let f(w) = w**2 - 5*w - 2. Calculate f(t).
-2
Let b be 0 - (-2 - 0 - -8). Let k(u) be the third derivative of -u**4/3 - 1241*u**2 - u + 1. Determine k(b).
48
Let f(h) = h**3 - h + 3. Let n(q) = -q + 3. Let s(c) = c - 3. Let o(y) = 6*n(y) + 5*s(y). Let r be o(6). Let x be (4 - (2 - r)) + 1. What is f(x)?
3
Let w(b) = b**2 - 309*b - 936. Let p be w(-3). Let v(c) be the third derivative of 5*c**2 + 0 - 1/3*c**3 + 1/24*c**4 + 0*c. Determine v(p).
-2
Let j(s) be the first derivative of s**3/3 - 3*s**2 + 4*s + 47526. Let o be 1/(-2)*(-48)/4. Give j(o).
4
Let q(a) be the second derivative of 1/6*a**4 + 2*a**2 - 34*a - 1 - a**3. Determine q(5).
24
Let d(j) = 14*j**3 - 4*j**2 + 11*j. Let b(m) = -3*m**3 - m**2 + 1. Let p be (-3 - 0) + (3 - -1). Let r(w) = p*d(w) + 5*b(w). What is r(-10)?
-5
Let a(h) be the first derivative of h**4/12 + h**3/2 - 3*h**2 + 36*h + 58. Let w(s) be the first derivative of a(s). Calculate w(-5).
4
Let r = 259 - 252. Let z(w) = -2*w + 3 - w + w - r. Give z(7).
-18
Let f(s) = -s + 5. Let g(k) = -k**2 - 21*k + 31. Let i = 35 + -57. Let h be g(i). Determine f(h).
-4
Let q(v) = -v**2 - 4*v + 41. Let m be 0/2 - 19/(95/40). Determine q(m).
9
Let q(h) = -h**2 + 25*h + 496. Suppose 257*x + 7293 = -304*x. Give q(x).
2
Let c = 655 + -428. Let g(n) = 0*n - c + 465 - 229 - n. Give g(-7).
16
Let p(l) = 1 - 2 - 8*l + 6 - 2. Let u(m) = m**2 - 6*m - 69. Let t be u(-10). Let v = -89 + t. What is p(v)?
-13
Let b(l) = 4*l**2 + 2*l + 3. Let a be (1 - 2)*(3 - 4)*-2. Let m be a - (7/(-28) + 2/8). What is b(m)?
15
Suppose -5*r + 0*r = -v + 510, 4*r + v + 399 = 0. Let y(k) = 119*k - 371. Let w be y(4). Let l = w + r. Let f(g) = -g**3 + 3*g**2 + 4*g. Calculate f(l).
0
Let l(m) = -5*m - 6. Let n(q) = 3*q + 3. Let h(k) = 2*l(k) + 5*n(k). Let s(z) = 9*z + 5. Let u(o) = -5*h(o) + 3*s(o). Suppose 0 = -5*g + 3 + 12. What is u(g)?
6
Let g(o) = 2 + 18*o + 1404*o**2 - 24*o - 1403*o**2. Give g(10).
42
Let b be (-464)/(-40) - (-6)/(-10). Let o(l) = 44*l - 45. Let d(t) = 25*t - 24. Let c(z) = -7*d(z) + 4*o(z). Calculate c(b).
-1
Let r(f) = -f**2 + 9*f - 18. Let l be r(7). Suppose 0 = 4*w - 5*w + 2. Let c(z) = -3*z**2 + 2*z + 3*z**w + 4*z + 4 + z**2. Give c(l).
-4
Suppose -2*m - 5*b + 3 = -3*m, 3*m - 3*b + 57 = 0. Let z(r) = 2*r**3 + 47*r**2 + 24*r + 20. What is z(m)?
-3
Let r(b) = b - 9. Let i be r(0). Let a(v) = v + 65. Let o(x) = x + 140. Let d(l) = 7*a(l) - 3*o(l). Let n be d(i). Let p(f) = -9*f**3 + 2*f + 1. Give p(n).
8
Let m(y) be the first derivative of y**3/3 - y**2/2 - 5*y - 11. Let b(p) = p**2 + 1. Let r(f) = -4*b(f) - m(f). Calculate r(-1).
-5
Let t(a) = -2702012 - 2*a + 2701928 + 6*a. What is t(0)?
-84
Let r(s) = -s + 65 - 56 - 6*s**2 - 5*s + s**2 + 20*